y(k) = 6*k - 11. Determine y(5).
19
Let q(y) = -2*y**2 + 13*y + 15. Calculate q(11).
-84
Let z(o) = -2*o - 1. Calculate z(7).
-15
Let m(p) = -13*p + 6. What is m(3)?
-33
Let q(y) = -y**2 - 3*y + 2. What is q(1)?
-2
Let x(t) = t**3 - 7*t**2 + 11*t - 14. What is x(4)?
-18
Let h(b) = -2*b**2 + 41*b - 24. Give h(20).
-4
Let v(p) = p**3 + 7*p**2 + 6*p + 12. Give v(-6).
12
Let o(w) = w**3 - 9*w**2 - 14*w + 36. Determine o(10).
-4
Let m(o) = -o**3 - 7*o**2 + o + 10. What is m(-7)?
3
Let y(w) = 5*w + 3. Give y(-5).
-22
Let t(x) = -2*x**2 + 13*x. What is t(7)?
-7
Let s(g) = -g**3 - 8*g**2 - 7*g - 11. Determine s(-7).
-11
Let m(k) = -k**3 + k**2 - 2*k + 1. What is m(-2)?
17
Let w(i) = i**2 - 3*i - 6. Give w(7).
22
Let t(b) = -2*b**2 - 2*b - 1. Calculate t(3).
-25
Let r(w) = w**3 - 5*w**2 - 9*w + 36. What is r(6)?
18
Let s(z) = -z**2 + 4*z + 6. Calculate s(7).
-15
Let w(i) = -10*i + 70. Determine w(7).
0
Let g(z) = -z**3 - 6*z**2 + 10*z - 17. Calculate g(-7).
-38
Let v(r) = r**3 + 23*r**2 + 3*r + 70. Calculate v(-23).
1
Let s(q) = 3*q. Determine s(-20).
-60
Let n(g) = -g**3 + 6*g**2 + 9*g - 12. Give n(7).
2
Let c(z) = -2*z**3 + 3*z - 2. Calculate c(2).
-12
Let g(o) = -2*o + 24. What is g(6)?
12
Let o(a) = 4*a - 11. What is o(4)?
5
Let z(a) = -a**2 - 8*a + 3. What is z(-7)?
10
Let q(x) = 2*x**2 - 55*x - 88. What is q(29)?
-1
Let y(h) = 33*h + 180. What is y(-6)?
-18
Let c(q) = q**2 - 14*q + 21. Calculate c(6).
-27
Let w(p) = -39*p + 187. Give w(5).
-8
Let c(f) = f - 3. What is c(5)?
2
Let d(k) = -k**3 + 7*k**2 - 3*k + 4. Give d(3).
31
Let w(v) = -3*v**2 + 4*v - 1. What is w(1)?
0
Let n(x) = -x**3 + 9*x**2 - 13*x - 26. What is n(7)?
-19
Let n(h) = 4*h - 42. Calculate n(18).
30
Let h(y) = -y**2 - 11*y + 3. What is h(-11)?
3
Let s(y) = -y**3 + 6*y**2 - 7*y - 12. Calculate s(4).
-8
Let h(u) = u**2 + 7*u + 7. Calculate h(-2).
-3
Let c(d) = d**3 + 10*d**2 + 18*d - 8. Determine c(-7).
13
Let c(l) = -l**3 + 4*l**2 - l - 2. Determine c(3).
4
Let s(j) = -8*j**2 - j + 2. What is s(-3)?
-67
Let r(u) = 2*u**2 + 16*u + 31. Determine r(-7).
17
Let b(j) = -14*j + 404. Determine b(28).
12
Let a(r) = r**3 - 11*r**2 + 24*r - 2. Determine a(6).
-38
Let d(z) = 10*z + 1. Give d(-1).
-9
Let a(b) = -b**2 + 5*b - 8. Calculate a(7).
-22
Let z(q) = 10*q**3 - q**2 + q + 1. What is z(2)?
79
Let u(t) = -7*t - 5. Determine u(-2).
9
Let v(f) = -2*f**3 + 6*f + 1. Determine v(3).
-35
Let q(i) = 17*i - 1. Determine q(-1).
-18
Let q(b) = 6*b + 17. Calculate q(-9).
-37
Let i(r) = -r**2 + 12*r - 14. Give i(10).
6
Let h(f) = -f**3 + 3*f**2 + f + 2. Give h(4).
-10
Let g(j) = 26*j**3 - j + 1. What is g(1)?
26
Let c(x) = -x**2 + 12*x - 17. Give c(9).
10
Let l(c) = -2*c**3 + 5*c**2 - 12*c + 10. Calculate l(5).
-175
Let v(a) = -a**3 + 10*a**2 - 9*a + 10. Calculate v(9).
10
Let p(b) = -2*b**3 + 11*b**2 - 8*b + 10. Determine p(5).
-5
Let h(b) = -b**2 + 3*b + 3. Give h(3).
3
Let l(a) = -a**2 - 12*a - 15. Calculate l(-12).
-15
Let i(x) = x**3 + 17*x**2 + 41*x - 6. Give i(-14).
8
Let a(s) = 5*s - 30. What is a(7)?
5
Let p(j) = -j**3 + 2*j**2 + 6*j - 11. Calculate p(3).
-2
Let g(q) = q - 38. Calculate g(19).
-19
Let h(f) = -4*f + 57. Give h(15).
-3
Let g(u) = -u**2 + 3*u + 1. Determine g(-5).
-39
Let h(r) = -r**2 + 2*r. Give h(3).
-3
Let h(m) = -14*m**3 + 3*m - 2. Give h(1).
-13
Let q(b) = -b**3 - b**2 + 4*b + 1. Calculate q(3).
-23
Let i(c) = c**3 + 2*c**2 - c - 4. Calculate i(-4).
-32
Let k(g) = 27*g - 21. Determine k(-2).
-75
Let j(c) = 17*c**2 + c + 1. Calculate j(-1).
17
Let w(n) = -n**2 + 11*n - 16. Determine w(8).
8
Let v(w) = -14*w**3 - 84*w**2 + 3. Determine v(-6).
3
Let t(a) = -a**3 - a**2 + a + 6. What is t(0)?
6
Let o(y) = -y**3 - y**2 + 18*y + 34. What is o(-4)?
10
Let d(k) = -k**3 + 7*k**2 - 7*k + 9. Calculate d(6).
3
Let q(k) = -k**2 + 26*k + 40. Calculate q(25).
65
Let n(t) = 2*t + 37. Calculate n(-16).
5
Let d(n) = 3*n**2 - 5*n - 4. What is d(5)?
46
Let q(k) = -k**2 + 2*k + 5. Determine q(0).
5
Let l(w) = -w**2 - 4*w + 1. Calculate l(-5).
-4
Let x(g) = -5*g**3 + 3*g**2 - 3*g + 1. What is x(1)?
-4
Let p(q) = -q**3 - 11*q**2 + 31*q + 17. Determine p(-13).
-48
Let g(i) = -i**2 - 20*i + 8. Calculate g(-20).
8
Let k(v) = -v**2 - 14*v + 11. What is k(-15)?
-4
Let y(w) = 6*w - 125. Give y(20).
-5
Let r(u) = 6*u**3 - u**2 - u + 1. Calculate r(1).
5
Let z(f) = 41*f**3 - f**2. What is z(1)?
40
Let k(j) = j**2 - 15*j - 5. Determine k(14).
-19
Let j(g) = g**3 + 5*g**2 - g - 9. Calculate j(-6).
-39
Let j(k) = -k**3 - 3*k + 1. What is j(3)?
-35
Let d(i) = -i**3 + 59*i**2 - 222*i + 102. Give d(55).
-8
Let a(h) = -h**2 - 7*h - 8. Determine a(-10).
-38
Let k(v) = -v**3 - 11*v**2 - 19*v + 4. Give k(-9).
13
Let j(g) = 115*g + 909. What is j(-8)?
-11
Let y(a) = a**3 + 17*a**2 + 31*a - 9. What is y(-15)?
-24
Let r(f) = -f**3 - 14*f**2 + f. Determine r(-14).
-14
Let y(u) = 26*u - 243. What is y(10)?
17
Let m(z) = -z**3 - 6*z**2 - 2*z + 14. What is m(-6)?
26
Let s(k) = -k**2 + 11*k - 47. Determine s(8).
-23
Let h(o) = o**2 + o + 53. What is h(0)?
53
Let t(f) = f**3 - 7*f**2 + 6*f + 6. Determine t(6).
6
Let m(k) = 25*k + 1129. Give m(-45).
4
Let w(h) = -16*h + 19. What is w(2)?
-13
Let o(g) = -g**2 + 16*g - 58. Calculate o(9).
5
Let d(q) = 5*q**2 - 15*q + 8. Determine d(2).
-2
Let a(f) = 2*f**3 - 3*f**2 - 2*f - 3. Give a(-2).
-27
Let l(f) = -f + 18. Give l(5).
13
Let s(a) = a**3 + a**2 + 3*a - 1. Determine s(-3).
-28
Let n(x) = 2*x - 1. Calculate n(0).
-1
Let r(g) = -g**2 + 17*g - 34. What is r(15)?
-4
Let c(a) = a - 3. Determine c(9).
6
Let z(x) = 17*x + 827. What is z(-49)?
-6
Let u(d) = 6*d**3 + d**2 - 1. Determine u(-2).
-45
Let p(w) = -5*w - 50. Give p(-15).
25
Let z(u) = -2*u**3 - 43*u**2 + 20*u - 32. Give z(-22).
12
Let x(y) = y**3 + 7*y**2 + y + 7. What is x(-7)?
0
Let j(t) = t**3 + 10*t**2 - 14*t + 13. Calculate j(-11).
46
Let o(z) = -z**3 - 4. Calculate o(-3).
23
Let f(b) = 8*b**2 + b. Determine f(2).
34
Let w(z) = z**2 + 35*z + 247. Determine w(-25).
-3
Let x(b) = 4*b**2 + 4*b - 15. Determine x(4).
65
Let b(x) = x**3 - 7*x**2 + 6*x - 9. Give b(7).
33
Let n(b) = 4*b + 33. Calculate n(-16).
-31
Let i(n) = -n**2 - 6*n + 9. Determine i(-8).
-7
Let o(b) = -b**3 - b + 2. What is o(0)?
2
Let i(x) = 17*x + 1. Determine i(-2).
-33
Let r(w) = 10*w + 16. Calculate r(2).
36
Let y(c) = -2*c**2 - 8*c + 23. Calculate y(4).
-41
Let o(b) = -b**3 - 2*b + 3. Give o(-4).
75
Let u(q) = -2*q**3 - 18*q**2 - 2*q - 1. Calculate u(-9).
17
Let k(m) = -m**3 - 5*m**2 - 6*m - 5. Determine k(-4).
3
Let h(b) = -b + 38. Give h(37).
1
Let j(r) = 2*r + 16. What is j(-5)?
6
Let w(h) = -h**2 + 25*h - 107. Give w(20).
-7
Let n(s) = 16*s + 1. Give n(2).
33
Let y(t) = -t**2 - 10*t + 9. Give y(-8).
25
Let x(m) = 9*m - 18. Calculate x(5).
27
Let x(f) = 6*f - 14. Calculate x(5).
16
Let v(k) = -k + 4. What is v(-3)?
7
Let y(d) = d**3 - 8*d**2 + 5*d + 5. Determine y(6).
-37
Let y(m) = -m**2 - 11*m - 10. Calculate y(-8).
14
Let k(a) = -10*a + 53. Calculate k(6).
-7
Let c(z) = -3*z + 1. What is c(5)?
-14
Let g(s) = 3*s**2 - 77*s - 35. Give g(26).
-9
Let o(z) = -z**2 - 6*z + 22. Determine o(-9).
-5
Let a(g) = 17*g - 69. Determine a(5).
16
Let m(h) = -h**3 - 18*h**2 - 19*h - 28. Determine m(-17).
6
Let j(i) = 3*i**2 - 8*i + 4. What is j(3)?
7
Let x(t) = -t**3 + 3*t**2 - 3*t + 5. Determine x(4).
-23
Let i(b) = b**3 - 4*b. Give i(3).
15
Let c(g) = g + 6. Give c(5).
11
Let n(i) = 2*i**3 + 14*i**2 + 8*i + 3. Give n(-6).
27
Let p(w) = -w + 2. Determine p(-8).
10
Let b(n) = -n**3 + 7*n**2 + 8*n - 18. Determine b(7).
38
Let s(p) = 4*p + 1. What is s(9)?
37
Let h(p) = -2*p**3 + 3*p**2 + 9*p + 3. Give h(4).
-41
Let r(k) = 3*k**3 + 6*k**2 + 16*k + 39. Calculate r(-2).
7
Let q(f) = 5*f + 1. Calculate q(2).
11
Let w(o) = 10*o**3 + 2*o**2 - o - 2. What is w(-1)?
-9
Let x(u) = -u**3 + 16*u**2 - 27*u + 183. Give x(15).
3
Let n(l) = 27*l - 13. What is n(1)?
14
Let w(x) = -x**2 - 19*x + 30. Calculate w(-22).
-36
Let q(c) = -c**2 + c + 20. Give q(7).
-22
Let s(t) = 6*t - 23. Determine s(6).
13
Let z(r) = 12*r + 14. What is z(6)?
86
Let g(c) = c**2 + 3*c - 8. Determine g(2).
2
Let v(y) = -2*y**2 + 8*y + 15. Calculate v(7).
-27
Let z(y) = -8*y**3 - 1. Determine z(-1).
7
Let g(i) = -i + 21. Give g(11).
10
Let l(k) = -22*k + 2. What is l(-1)?
24
Let l(r) = -r**3 - 